n factor of 25 and 102775?
25
Calculate the highest common divisor of 416 and 520.
104
What is the greatest common divisor of 1364 and 288244?
44
What is the highest common divisor of 1154606 and 6902?
986
Calculate the highest common factor of 2270671 and 4959.
551
Calculate the highest common divisor of 7511 and 196063.
259
What is the highest common divisor of 29604 and 24?
12
Calculate the highest common divisor of 858240 and 4917.
447
What is the greatest common factor of 36515 and 2180?
545
What is the greatest common factor of 273263 and 506?
23
Calculate the greatest common divisor of 280644 and 156.
156
Calculate the highest common factor of 101476 and 92.
92
Calculate the highest common divisor of 985439 and 221.
221
Calculate the highest common divisor of 795 and 23214.
159
What is the highest common factor of 11220 and 765?
255
What is the highest common divisor of 3503 and 31?
31
Calculate the greatest common factor of 5992 and 40232.
856
What is the greatest common factor of 42840 and 1872?
72
What is the greatest common factor of 14 and 1948142?
14
What is the highest common divisor of 36 and 9684?
36
Calculate the greatest common divisor of 1880 and 7708.
188
Calculate the greatest common divisor of 81662 and 114.
38
What is the highest common factor of 4672 and 209472?
64
Calculate the greatest common factor of 11538 and 666.
18
Calculate the greatest common factor of 11756 and 12.
4
Calculate the highest common factor of 43323 and 3738.
21
What is the greatest common divisor of 84453 and 18?
3
Calculate the highest common divisor of 1218 and 33234.
174
Calculate the highest common divisor of 480 and 22045.
5
What is the highest common factor of 3444 and 2149917?
861
Calculate the highest common divisor of 70 and 235970.
70
Calculate the greatest common factor of 1359512 and 44.
44
What is the highest common divisor of 259919 and 121?
11
What is the greatest common factor of 1313 and 13637?
13
Calculate the highest common factor of 35 and 89425.
35
Calculate the highest common factor of 10354 and 682.
62
Calculate the highest common divisor of 182 and 602.
14
Calculate the highest common divisor of 240 and 14115.
15
What is the highest common divisor of 16995 and 8034?
309
What is the highest common divisor of 604 and 987087?
151
What is the highest common factor of 112104 and 648?
648
What is the greatest common divisor of 324 and 8074566?
162
Calculate the highest common factor of 24 and 1910718.
6
What is the highest common factor of 1855 and 222335?
265
Calculate the greatest common factor of 221907 and 84.
21
What is the highest common factor of 134632 and 8?
8
What is the greatest common divisor of 2304 and 1688?
8
Calculate the highest common factor of 23510 and 70.
10
What is the highest common factor of 2716 and 49373?
97
What is the greatest common factor of 688666 and 1012?
506
What is the highest common divisor of 548185 and 495?
55
What is the greatest common factor of 141864 and 276?
276
Calculate the greatest common factor of 355 and 790.
5
What is the greatest common divisor of 304 and 33364?
76
Calculate the highest common divisor of 14697 and 8280.
207
What is the highest common factor of 836 and 1199?
11
What is the greatest common divisor of 92 and 7307100?
92
Calculate the greatest common divisor of 33384 and 195.
39
What is the greatest common factor of 3800930 and 490?
490
What is the greatest common divisor of 11849 and 13872?
289
Calculate the greatest common factor of 40575 and 320.
5
What is the greatest common factor of 72723 and 63?
21
Calculate the highest common factor of 273951 and 122.
61
What is the greatest common divisor of 7712815 and 1606?
803
Calculate the greatest common factor of 159854 and 20526.
622
Calculate the highest common factor of 406 and 564862.
58
Calculate the highest common divisor of 1660 and 3490.
10
Calculate the highest common divisor of 117440 and 160.
160
Calculate the highest common factor of 1437840 and 72.
72
Calculate the greatest common factor of 777 and 218337.
777
What is the highest common divisor of 34 and 103666?
34
Calculate the greatest common factor of 56975 and 5565.
265
Calculate the highest common divisor of 731578 and 34.
34
What is the greatest common factor of 4634 and 4004?
14
Calculate the greatest common divisor of 30 and 118245.
15
What is the highest common divisor of 1664 and 10368?
128
What is the greatest common divisor of 46 and 149385?
23
Calculate the greatest common divisor of 429588 and 144.
36
What is the greatest common factor of 219555 and 8211?
357
Calculate the highest common factor of 56 and 297577.
7
Calculate the highest common factor of 3038 and 1862.
98
Calculate the highest common divisor of 6 and 4666.
2
Calculate the highest common factor of 1092679 and 1946.
973
Calculate the greatest common factor of 3990807 and 18.
9
What is the greatest common factor of 224663 and 261?
29
Calculate the greatest common divisor of 3 and 67647.
3
Calculate the greatest common factor of 2083679 and 232.
29
What is the highest common divisor of 560 and 4096?
16
What is the greatest common divisor of 189360 and 285?
15
Calculate the greatest common factor of 3225 and 155832.
129
Calculate the greatest common divisor of 56 and 24829.
7
What is the highest common factor of 20196 and 110704?
748
What is the highest common divisor of 12 and 144672?
12
What is the greatest common divisor of 7209 and 3293?
89
What is the greatest common divisor of 165 and 3695?
5
What is the highest common factor of 54 and 653076?
54
What is the highest common divisor of 8854 and 260960?
466
What is the greatest common factor of 359415 and 12551?
1141
What is the highest common factor of 153 and 21096?
9
Calculate the highest common divisor of 966 and 145314.
138
Calculate the greatest common factor of 48 and 3471936.
48
What is the highest common divisor of 2 and 3089?
1
Calculate the greatest common divisor of 44 and 9757.
11
What is the highest common divisor of 2002 and 176?
22
What is the highest common divisor of 25 and 381725?
25
What is the highest common divisor of 300 and 194550?
150
Calculate the highest common divisor of 39252 and 36.
12
Calculate the greatest common factor of 980 and 11172.
196
Calculate the greatest common divisor of 6501810 and 210.
210
Calculate the highest common factor of 118694 and 34.
34
What is the greatest common factor of 26 and 238589?
13
What is the greatest common divisor of 182 and 36932?
14
What is the greatest common divisor of 113456 and 644?
28
What is the greatest common factor of 39123 and 322?
161
What is the highest common divisor of 7040 and 19008?
704
Calculate the greatest common divisor of 1158 and 230249.
193
Calculate the greatest common factor of 1168 and 2096.
16
What is the highest common factor of 888120 and 648?
72
Calculate the highest common factor of 7998 and 31341.
93
Calculate the highest common factor of 10933 and 1131.
377
Calculate the greatest common divisor of 1144177 and 61.
61
Calculate the highest common factor of 120 and 891810.
30
What is the greatest common factor of 1441 and 55?
11
What is the greatest common factor of 1015 and 469385?
35
What is the highest common factor of 22743 and 1805?
361
Calculate the highest common factor of 73 and 16239.
1
Calculate the greatest common factor of 100 and 1068700.
100
Calculate the highest common divisor of 4425 and 1239.
177
Calculate the highest common divisor of 2108 and 3844.
124
Calculate the highest common divisor of 3200 and 450.
50
What is the highest common factor of 12 and 75846?
6
What is the highest common divisor of 41 and 81959?
41
What is the highest common factor of 147868 and 196?
28
What is the greatest common factor of 578358 and 414?
414
Calculate the greatest common factor of 3668 and 196.
28
Calculate the greatest common factor of 414 and 82242.
18
What is the highest common factor of 39 and 3757?
13
What is the highest common divisor of 230036 and 2358?
262
Calculate the greatest common factor of 788943 and 3.
3
What is the highest common factor of 124695 and 72?
9
What is the highest common divisor of 41175 and 6219?
9
Calculate the highest common divisor of 26 and 57980.
26
Calculate the greatest common divisor of 41